igit of y?
4
Suppose 5*l - 106 = 44. Let p = -15 + l. What is the units digit of ((-12)/(-18))/(2/p)?
5
Suppose 0 = -8*g + 2374 - 598. What is the units digit of g?
2
Let p(u) = 4*u**2 + 10*u + 5. Let f be p(8). Suppose -5*l = -5*y + 510, 0*y = 3*y + 4*l - f. What is the tens digit of y?
0
What is the tens digit of ((-555)/4)/(-2 - 52/(-32))?
7
Suppose 40 = 7*z - 128. What is the tens digit of 2/(-6) + 824/z?
3
Suppose 0 = -3*f - 2*f, z + 2*f = 529. What is the hundreds digit of z?
5
Let d = 465 + -245. What is the units digit of d?
0
Let x(u) = -6*u**3 - 3*u**2 - 2*u + 5. Let m be x(-3). Let l = -42 + m. What is the tens digit of l?
0
Let t(y) = y**2 + y - 7. Let c be (-28)/(-5) - (-4)/10. What is the units digit of t(c)?
5
Suppose -2*t + 5*h + 391 = -334, 2*h = 5*t - 1865. What is the tens digit of t?
7
Let t(n) = -n**3 + 11*n**2 - 10*n + 8. Let q(i) = i**3 - 10*i**2 + 9*i - 10. Let x be q(9). Let o = 0 - x. What is the units digit of t(o)?
8
Suppose 196 = -5*u + 1821. Let p = -118 + u. What is the tens digit of p?
0
Let h(s) = -s**2 + 5*s - 1. Let y be h(4). Suppose y*w - 94 = -0*k + 2*k, -4*w + k + 117 = 0. What is the tens digit of w?
2
Suppose 0 = -7*y - 583 + 2977. What is the tens digit of y?
4
Let c = 3 + -3. Let b = -9 + c. What is the units digit of 2/(-6) - 84/b?
9
Let p = -577 + 2601. What is the hundreds digit of p?
0
Let k = 14 - -2. Let g be 2*2*(-4)/k. What is the units digit of (-13 - -3)/g + -1?
9
What is the hundreds digit of ((1 - 5) + 10)*502/4?
7
Let u(a) = -58*a + 2. Let x(f) = -f + 9. Let g be x(5). Let v be u(g). What is the tens digit of (v/15)/(2/(-3))?
2
Suppose -2 = 2*g, 0 = -2*k - 2*g - g + 3. Suppose 2*d - 31 = -b, 6*b - 4*b - 59 = -k*d. What is the tens digit of b?
2
Let a be (-855)/(-18) - (-1)/(-2). Suppose -2*t - 7 = -3*n + 18, a = -4*t + 5*n. What is the units digit of (-2)/t - (-426)/24?
8
Let r(y) = y**3 - 14*y**2. Suppose -21 - 21 = -3*p - 2*h, 5*p - 70 = 3*h. Let k be r(p). Suppose 2*t = -k*t, 4*s - 92 = -5*t. What is the units digit of s?
3
Let q(c) = c**3 + 6*c**2 + 6*c + 7. Let r be q(-5). Suppose -r*x + 48 = -44. What is the units digit of x?
6
Suppose -3*s + 2059 = 3*c - 5*c, -s - 2*c + 697 = 0. What is the tens digit of s?
8
Suppose 0 = 6*y - 3*y - 957. What is the hundreds digit of y?
3
Let b = -1167 - -2786. What is the units digit of b?
9
Suppose -79*m = -83*m + 1916. What is the hundreds digit of m?
4
Let b = 1399 + -922. Suppose 3*r = 123 + b. What is the tens digit of r?
0
Let v(y) be the second derivative of 5*y - 1/2*y**3 + 1/2*y**2 + 0. What is the units digit of v(-3)?
0
What is the units digit of 764*-1*5*(-4)/20?
4
Let y(m) = 159*m**2 + 5*m + 73. What is the hundreds digit of y(-4)?
5
Let r = 713 + -561. What is the tens digit of r?
5
Suppose -5*p = -197 - 13. Suppose 0*h = 3*h - p. Suppose -f + h = -4. What is the units digit of f?
8
Let m(i) = -19*i**3 - 3*i**2 - 5*i - 15. What is the hundreds digit of m(-3)?
4
What is the hundreds digit of ((-9)/(-2))/(-12 - (-60312)/5024)?
9
Suppose -s - 3*y = -4073, -4*y = 3*s - 6654 - 5540. What is the tens digit of s?
5
Let d = -8 - -20. Suppose d = 3*a, -4*a - 50 = -r + a. What is the tens digit of r?
7
Suppose 0 = -5*i + 4*k + 22, 4 = 5*i + 3*k + 3. Suppose -r = -56 - i. What is the units digit of r?
8
Let v(b) = -41*b**2 + 20*b + 21. Let m(i) = 14*i**2 - 7*i - 7. Let s(f) = -17*m(f) - 6*v(f). What is the units digit of s(4)?
7
Let h = -38 + 48. Suppose -2*s - 3*x = -212, 3*s = -s - 5*x + 420. Suppose -6*r + h*r = s. What is the tens digit of r?
2
Let t(z) = 2*z**3 - 28*z**2 + 14*z - 67. What is the units digit of t(20)?
3
Let y(j) be the third derivative of -j**6/120 - 7*j**5/60 + j**4/8 + 2*j**3/3 - j**2. Let q be (-18 + 21)/(38/(-16) + 2). What is the units digit of y(q)?
4
Suppose 2*h = 4*h + 5*u - 77, -4*h + 3*u + 193 = 0. Suppose 35 = q + 3*p, -p - h = -q - 15. What is the tens digit of q?
3
Suppose -3*o - 47 = -4*o + 4*v, -5*o + 2*v = -199. Suppose 157 = 2*r - o. What is the tens digit of r?
9
Let l = 117 - 47. Let c = 98 - l. What is the tens digit of c?
2
What is the hundreds digit of 2644 + -2 + -6 + 7?
6
Suppose 26 = -3*w + 5*j, -7*w + 2*w - j = 34. Let g = w - -20. Suppose -3*i = -2 - g. What is the units digit of i?
5
Let p = -19 + 25. Suppose -p*u = -9*u + 123. What is the units digit of u?
1
Let a = -467 + 779. What is the units digit of a?
2
Let p = -2 - -7. Suppose 0 = 4*u + u - p. What is the units digit of 6 + (0 - u) + 3?
8
Let k(a) = -a**2 - 37*a - 112. What is the units digit of k(-11)?
4
Suppose 3145*v = 3154*v - 3186. What is the units digit of v?
4
Let n = -2 - 3. Let f(d) = 4*d**3 + d**2 + 9*d - 2. Let u(l) = -3*l**3 - 9*l + 1. Let x(g) = n*u(g) - 4*f(g). What is the units digit of x(-6)?
1
Let b = -160 + 160. Suppose b = -25*w + 15*w + 2970. What is the hundreds digit of w?
2
Let f be (4/6 - 2)*99/(-6). Suppose 2*o = 4*v - 88 + f, -o - 75 = -5*v. What is the units digit of v?
4
Suppose 725 = 3*r + 80. What is the tens digit of r?
1
Suppose 863 = -6*r + 2639. What is the units digit of r?
6
Let h(a) = -a**2 - 11*a - 26. Let n be h(-7). Let f be 26/4*(-6)/(-1). Suppose c = -n*c + f. What is the tens digit of c?
1
Let d = 1 + -6. Let b = 2 + d. What is the units digit of 34*(b + (-28)/(-8))?
7
What is the units digit of (1431*(-2)/5)/(6/(-45))?
3
Suppose -2315 = -7*c - 166. What is the units digit of c?
7
Suppose 8*a = -a + 2115. What is the hundreds digit of a?
2
Let t(a) = 8*a**2 - 35*a + 15. What is the units digit of t(11)?
8
Let z = -29 - -468. Suppose -4*n + z = 5*a - 0*n, 178 = 2*a + n. What is the units digit of a?
1
Suppose 3*w - 3*y = 176 + 280, 2*w - 300 = 3*y. What is the units digit of w/18 + 4/(-6)?
8
Let v = 39 - -25. Suppose -8*c + 10*c = -v. Let k = -12 - c. What is the units digit of k?
0
Suppose -2*w = -3*d - 2301, -4*w - 14*d + 12*d = -4562. What is the thousands digit of w?
1
Let s be 4/(-3 - -1) - (-153 + -10). Let o = s - 35. What is the tens digit of o?
2
Let f(j) = j - 25. Let q be f(17). What is the tens digit of (22 - 5)/((-2)/q)?
6
Let x be (0 + 1)/((-4)/24). What is the units digit of x/3*(-1 + -1)?
4
Suppose -2*g = -6*g + 12. Suppose 20 = -g*r - 5*w, w = -0*w - 4. Suppose r = -4*t + 5*y + 188, 146 - 32 = 3*t + 3*y. What is the units digit of t?
2
Let r = 127 + -76. Suppose 0 = -k + 45 + r. What is the units digit of k?
6
Let l(p) = -13*p**3 + 1. Let x be l(1). What is the units digit of (4/(-6))/(2/x)?
4
Suppose 5*p + 5*h = 175, 2*p - 3*h - 1 = 94. Let x = 24 + p. What is the units digit of x?
4
Let o(f) be the third derivative of -1/6*f**3 + 1/6*f**4 + 1/30*f**5 + 0*f - 1/120*f**6 + 5*f**2 + 0. What is the units digit of o(3)?
2
Let j be (-6 - -5) + (3 - 0). Let o be (3 - 2) + (5 - j). What is the units digit of 1/(o/144*4)?
9
Suppose -1701*n + 1700*n + 3461 = 0. What is the thousands digit of n?
3
Suppose -9 = -3*b, -3 + 141 = -3*d + 5*b. What is the tens digit of 15/6*(1 - d)?
0
Suppose a - 2*x - 236 = -5*x, -2*x + 1180 = 5*a. Suppose 554 = 5*d + t, d = 3*d + 4*t - a. What is the hundreds digit of d?
1
Suppose 2*v + 23 = 4*q + 5, -3 = -2*q - v. Suppose -q*i - 112 = i. What is the tens digit of -2*7/(i/40)?
2
Let q(m) = -89*m - 7. Let z be q(-3). Suppose 3*j + 90 + 238 = 5*p, 0 = -4*p + 3*j + z. Suppose -3*f = f - p. What is the units digit of f?
7
Let g = 174 - 17. Let y = g + -27. What is the hundreds digit of y?
1
Suppose 2*f = -f. Let g(v) = 4*v**3 + v**2 - v + 1. Let t be g(1). Suppose -53 = -2*d - f*b - b, b = t*d - 122. What is the units digit of d?
5
Suppose -5*c + 4*c - 14 = 0. Let t = c - -22. What is the units digit of t?
8
Let g(w) = -w - 2. Let f be g(-3). Let b be (5 - 5)/(f - 3). Suppose x - 20 + 7 = b. What is the tens digit of x?
1
Suppose 0*m - 4*m = 0. Let q be 5/(165/(-6)) - 6/(-33). What is the units digit of 9 - (m - q/(-3))?
9
Let s(w) = -28*w**2 - w - 3. Let a be s(2). Let i be (-436)/18 + (-26)/a. Let o = -3 - i. What is the units digit of o?
1
Let d(v) = -v**2 + 1. Let s be d(-3). Let r(c) = c**2 + 7*c - 11. Let x be r(s). Let f(k) = 2*k**2 - k + 4. What is the units digit of f(x)?
5
Let u(y) = -385*y + 55. What is the hundreds digit of u(-2)?
8
Suppose 25 = -2*b + 7*b. Let v = b + -1. What is the tens digit of (v - 1)*(-25)/(-3)?
2
Let t = 386 - -1511. What